{"id":416,"date":"2019-11-04T22:35:46","date_gmt":"2019-11-05T01:35:46","guid":{"rendered":"http:\/\/centerminasph.com.br\/novo\/?page_id=416"},"modified":"2019-11-13T06:38:23","modified_gmt":"2019-11-13T09:38:23","slug":"salao-de-convencoes","status":"publish","type":"page","link":"https:\/\/centerminasph.com.br\/novo\/salao-de-convencoes\/","title":{"rendered":"Sal\u00e3o de Conven\u00e7\u00f5es"},"content":{"rendered":"\n<p><strong>Sal\u00e3o de Conven\u00e7\u00f5es \u2013<\/strong>&nbsp;\u00c9 um&nbsp;amplo sal\u00e3o climatizado, estruturado para qualquer tipo de evento, seja: reuni\u00f5es empresariais, festas e jantares empresariais e particulares. Sua capacidade de acomoda\u00e7\u00e3o ultrapassa a quantidade de cento e cinquenta pessoas, tem uma ampla cozinha acoplada, banheiros privativos, internet wireless e a cabo e um moderno elevador para sua melhor comodidade.<\/p>\n\n\n\n<ul class=\"wp-block-gallery aligncenter columns-3 is-cropped wp-block-gallery-1 is-layout-flex wp-block-gallery-is-layout-flex\"><li class=\"blocks-gallery-item\"><figure><img fetchpriority=\"high\" decoding=\"async\" width=\"1024\" height=\"683\" src=\"https:\/\/centerminasph.com.br\/novo\/wp-content\/uploads\/2019\/11\/SC-1-1-1024x683.jpg\" alt=\"\" data-id=\"468\" data-link=\"https:\/\/centerminasph.com.br\/novo\/salao-de-convencoes\/sc-1-1\/\" class=\"wp-image-468\" srcset=\"https:\/\/centerminasph.com.br\/novo\/wp-content\/uploads\/2019\/11\/SC-1-1-1024x683.jpg 1024w, https:\/\/centerminasph.com.br\/novo\/wp-content\/uploads\/2019\/11\/SC-1-1-300x200.jpg 300w, https:\/\/centerminasph.com.br\/novo\/wp-content\/uploads\/2019\/11\/SC-1-1-768x512.jpg 768w\" sizes=\"(max-width: 1024px) 100vw, 1024px\" \/><\/figure><\/li><li class=\"blocks-gallery-item\"><figure><img decoding=\"async\" width=\"1024\" height=\"683\" src=\"https:\/\/centerminasph.com.br\/novo\/wp-content\/uploads\/2019\/11\/SC-2-1-1024x683.jpg\" alt=\"\" data-id=\"469\" data-link=\"https:\/\/centerminasph.com.br\/novo\/salao-de-convencoes\/sc-2-1\/\" class=\"wp-image-469\" srcset=\"https:\/\/centerminasph.com.br\/novo\/wp-content\/uploads\/2019\/11\/SC-2-1-1024x683.jpg 1024w, https:\/\/centerminasph.com.br\/novo\/wp-content\/uploads\/2019\/11\/SC-2-1-300x200.jpg 300w, https:\/\/centerminasph.com.br\/novo\/wp-content\/uploads\/2019\/11\/SC-2-1-768x512.jpg 768w\" sizes=\"(max-width: 1024px) 100vw, 1024px\" \/><\/figure><\/li><li class=\"blocks-gallery-item\"><figure><img decoding=\"async\" width=\"1024\" height=\"683\" src=\"https:\/\/centerminasph.com.br\/novo\/wp-content\/uploads\/2019\/11\/SC-3-1-1024x683.jpg\" alt=\"\" data-id=\"470\" data-link=\"https:\/\/centerminasph.com.br\/novo\/salao-de-convencoes\/sc-3-1\/\" class=\"wp-image-470\" srcset=\"https:\/\/centerminasph.com.br\/novo\/wp-content\/uploads\/2019\/11\/SC-3-1-1024x683.jpg 1024w, https:\/\/centerminasph.com.br\/novo\/wp-content\/uploads\/2019\/11\/SC-3-1-300x200.jpg 300w, https:\/\/centerminasph.com.br\/novo\/wp-content\/uploads\/2019\/11\/SC-3-1-768x512.jpg 768w\" sizes=\"(max-width: 1024px) 100vw, 1024px\" \/><\/figure><\/li><li class=\"blocks-gallery-item\"><figure><img loading=\"lazy\" decoding=\"async\" width=\"1024\" height=\"683\" src=\"https:\/\/centerminasph.com.br\/novo\/wp-content\/uploads\/2019\/11\/SC-4-1-1024x683.jpg\" alt=\"\" data-id=\"471\" data-link=\"https:\/\/centerminasph.com.br\/novo\/salao-de-convencoes\/sc-4-1\/\" class=\"wp-image-471\" srcset=\"https:\/\/centerminasph.com.br\/novo\/wp-content\/uploads\/2019\/11\/SC-4-1-1024x683.jpg 1024w, https:\/\/centerminasph.com.br\/novo\/wp-content\/uploads\/2019\/11\/SC-4-1-300x200.jpg 300w, https:\/\/centerminasph.com.br\/novo\/wp-content\/uploads\/2019\/11\/SC-4-1-768x512.jpg 768w\" sizes=\"(max-width: 1024px) 100vw, 1024px\" \/><\/figure><\/li><li class=\"blocks-gallery-item\"><figure><img loading=\"lazy\" decoding=\"async\" width=\"1024\" height=\"683\" src=\"https:\/\/centerminasph.com.br\/novo\/wp-content\/uploads\/2019\/11\/SC-6-1-1024x683.jpg\" alt=\"\" data-id=\"472\" data-link=\"https:\/\/centerminasph.com.br\/novo\/salao-de-convencoes\/sc-6-1\/\" class=\"wp-image-472\" srcset=\"https:\/\/centerminasph.com.br\/novo\/wp-content\/uploads\/2019\/11\/SC-6-1-1024x683.jpg 1024w, https:\/\/centerminasph.com.br\/novo\/wp-content\/uploads\/2019\/11\/SC-6-1-300x200.jpg 300w, https:\/\/centerminasph.com.br\/novo\/wp-content\/uploads\/2019\/11\/SC-6-1-768x512.jpg 768w\" sizes=\"(max-width: 1024px) 100vw, 1024px\" \/><\/figure><\/li><\/ul>\n","protected":false},"excerpt":{"rendered":"<p>Sal\u00e3o de Conven\u00e7\u00f5es \u2013&nbsp;\u00c9 um&nbsp;amplo sal\u00e3o climatizado, estruturado para qualquer tipo de evento, seja: reuni\u00f5es empresariais, festas e jantares empresariais e particulares. Sua capacidade de acomoda\u00e7\u00e3o ultrapassa a quantidade de cento e cinquenta pessoas, tem uma ampla cozinha acoplada, banheiros privativos, internet wireless e a cabo e um moderno elevador para sua melhor comodidade.<\/p>\n","protected":false},"author":1,"featured_media":0,"parent":0,"menu_order":0,"comment_status":"closed","ping_status":"closed","template":"","meta":{"footnotes":""},"class_list":["post-416","page","type-page","status-publish","hentry"],"_links":{"self":[{"href":"https:\/\/centerminasph.com.br\/novo\/wp-json\/wp\/v2\/pages\/416","targetHints":{"allow":["GET"]}}],"collection":[{"href":"https:\/\/centerminasph.com.br\/novo\/wp-json\/wp\/v2\/pages"}],"about":[{"href":"https:\/\/centerminasph.com.br\/novo\/wp-json\/wp\/v2\/types\/page"}],"author":[{"embeddable":true,"href":"https:\/\/centerminasph.com.br\/novo\/wp-json\/wp\/v2\/users\/1"}],"replies":[{"embeddable":true,"href":"https:\/\/centerminasph.com.br\/novo\/wp-json\/wp\/v2\/comments?post=416"}],"version-history":[{"count":3,"href":"https:\/\/centerminasph.com.br\/novo\/wp-json\/wp\/v2\/pages\/416\/revisions"}],"predecessor-version":[{"id":473,"href":"https:\/\/centerminasph.com.br\/novo\/wp-json\/wp\/v2\/pages\/416\/revisions\/473"}],"wp:attachment":[{"href":"https:\/\/centerminasph.com.br\/novo\/wp-json\/wp\/v2\/media?parent=416"}],"curies":[{"name":"wp","href":"https:\/\/api.w.org\/{rel}","templated":true}]}}